{"id":202,"date":"2023-12-26T18:48:56","date_gmt":"2023-12-26T17:48:56","guid":{"rendered":"https:\/\/conciergeriehellebore.com\/?page_id=202"},"modified":"2024-01-13T17:35:55","modified_gmt":"2024-01-13T16:35:55","slug":"une-journee-type-airbnb","status":"publish","type":"page","link":"https:\/\/conciergeriehellebore.com\/index.php\/une-journee-type-airbnb\/","title":{"rendered":"Une \u00ab\u00a0journ\u00e9e type\u00a0\u00bb Airbnb"},"content":{"rendered":"\n<h2 class=\"wp-block-heading has-text-color has-link-color has-large-font-size wp-elements-4379aaff6e2b653caf1aca096b7e5b1e\" style=\"color:#b15151\">Comment sera g\u00e9r\u00e9 votre bien durant une journ\u00e9e avec changement de locataire ?<\/h2>\n\n\n\n<div class=\"wp-block-columns is-layout-flex wp-container-core-columns-is-layout-9d6595d7 wp-block-columns-is-layout-flex\">\n<div class=\"wp-block-column is-layout-flow wp-block-column-is-layout-flow\">\n<p><\/p>\n\n\n\n<p><\/p>\n\n\n\n<p>Le matin est le moment du d\u00e9part pour les locataires. Ils ont \u00e9t\u00e9 inform\u00e9s lors de leur arriv\u00e9e des d\u00e9marches \u00e0 effectuer (l&rsquo;endroit \u00e0 d\u00e9poser la cl\u00e9, sortir le sac poubelle&#8230;) et des horaires. Ils ont aussi re\u00e7u un petit message de ma part la veille prenant de leur nouvelle et leurs rappelant quelques r\u00e8gles. <\/p>\n<\/div>\n\n\n\n<div class=\"wp-block-column is-layout-flow wp-block-column-is-layout-flow\">\n<figure class=\"wp-block-gallery has-nested-images columns-default is-cropped wp-block-gallery-1 is-layout-flex wp-block-gallery-is-layout-flex\">\n<figure class=\"wp-block-image size-full\"><img loading=\"lazy\" decoding=\"async\" width=\"500\" height=\"500\" data-id=\"278\" src=\"https:\/\/conciergeriehellebore.com\/wp-content\/uploads\/2024\/01\/bye-1.jpg\" alt=\"\" class=\"wp-image-278\" srcset=\"https:\/\/conciergeriehellebore.com\/wp-content\/uploads\/2024\/01\/bye-1.jpg 500w, https:\/\/conciergeriehellebore.com\/wp-content\/uploads\/2024\/01\/bye-1-300x300.jpg 300w, https:\/\/conciergeriehellebore.com\/wp-content\/uploads\/2024\/01\/bye-1-150x150.jpg 150w, https:\/\/conciergeriehellebore.com\/wp-content\/uploads\/2024\/01\/bye-1-160x160.jpg 160w\" sizes=\"auto, (max-width: 500px) 100vw, 500px\" \/><\/figure>\n<\/figure>\n<\/div>\n<\/div>\n\n\n\n<div class=\"wp-block-columns is-layout-flex wp-container-core-columns-is-layout-9d6595d7 wp-block-columns-is-layout-flex\">\n<div class=\"wp-block-column is-layout-flow wp-block-column-is-layout-flow\">\n<figure class=\"wp-block-gallery has-nested-images columns-default is-cropped wp-block-gallery-2 is-layout-flex wp-block-gallery-is-layout-flex\">\n<figure class=\"wp-block-image size-large\"><img loading=\"lazy\" decoding=\"async\" width=\"500\" height=\"333\" data-id=\"280\" src=\"https:\/\/conciergeriehellebore.com\/wp-content\/uploads\/2024\/01\/photo.jpg\" alt=\"\" class=\"wp-image-280\" srcset=\"https:\/\/conciergeriehellebore.com\/wp-content\/uploads\/2024\/01\/photo.jpg 500w, https:\/\/conciergeriehellebore.com\/wp-content\/uploads\/2024\/01\/photo-300x200.jpg 300w, https:\/\/conciergeriehellebore.com\/wp-content\/uploads\/2024\/01\/photo-360x240.jpg 360w\" sizes=\"auto, (max-width: 500px) 100vw, 500px\" \/><\/figure>\n<\/figure>\n<\/div>\n\n\n\n<div class=\"wp-block-column is-layout-flow wp-block-column-is-layout-flow\">\n<p>L&rsquo;\u00e9quipe de m\u00e9nage intervient ensuite dans le cr\u00e9neau pendant lequel l&rsquo;appartement est libre (en g\u00e9n\u00e9ral entre 11h et 17h). Elle dispose de sa propre cl\u00e9. D\u00e8s son arriv\u00e9e, si un d\u00e9tail anormal apparait (salet\u00e9, d\u00e9g\u00e2ts, d\u00e9sordre&#8230;) des photos sont prises et me sont transmises afin que j&rsquo;effectue une requ\u00eate pour un d\u00e9dommagement. <\/p>\n<\/div>\n<\/div>\n\n\n\n<div class=\"wp-block-columns is-layout-flex wp-container-core-columns-is-layout-9d6595d7 wp-block-columns-is-layout-flex\">\n<div class=\"wp-block-column is-layout-flow wp-block-column-is-layout-flow\">\n<p>Puis l&rsquo;ensemble du bien est a\u00e9r\u00e9, nettoy\u00e9 suivant un protocole d&rsquo;entreprise de m\u00e9nage professionnelle et remis en ordre : <\/p>\n\n\n\n<ul class=\"wp-block-list\">\n<li>Les draps, serviettes de bain et torchons sont chang\u00e9s et dispos\u00e9s de fa\u00e7on harmonieuse. <\/li>\n\n\n\n<li>Les consommables sont r\u00e9approvisionn\u00e9s (caf\u00e9, th\u00e9, pastilles lave-vaisselle, savon etc&#8230;). <\/li>\n\n\n\n<li>Une s\u00e9rie de photographies sont alors prises et envoy\u00e9es \u00e0 la conciergerie. <\/li>\n\n\n\n<li>Le chauffage peut \u00eatre baiss\u00e9 en hiver si l&rsquo;appartement doit \u00eatre inoccup\u00e9 quelques temps. <\/li>\n<\/ul>\n<\/div>\n\n\n\n<div class=\"wp-block-column is-layout-flow wp-block-column-is-layout-flow\">\n<figure class=\"wp-block-gallery has-nested-images columns-default is-cropped wp-block-gallery-3 is-layout-flex wp-block-gallery-is-layout-flex\">\n<figure class=\"wp-block-image size-large\"><img loading=\"lazy\" decoding=\"async\" width=\"500\" height=\"500\" data-id=\"279\" src=\"https:\/\/conciergeriehellebore.com\/wp-content\/uploads\/2024\/01\/cleaning.jpg\" alt=\"\" class=\"wp-image-279\" srcset=\"https:\/\/conciergeriehellebore.com\/wp-content\/uploads\/2024\/01\/cleaning.jpg 500w, https:\/\/conciergeriehellebore.com\/wp-content\/uploads\/2024\/01\/cleaning-300x300.jpg 300w, https:\/\/conciergeriehellebore.com\/wp-content\/uploads\/2024\/01\/cleaning-150x150.jpg 150w, https:\/\/conciergeriehellebore.com\/wp-content\/uploads\/2024\/01\/cleaning-160x160.jpg 160w\" sizes=\"auto, (max-width: 500px) 100vw, 500px\" \/><\/figure>\n<\/figure>\n<\/div>\n<\/div>\n\n\n\n<div class=\"wp-block-columns is-layout-flex wp-container-core-columns-is-layout-9d6595d7 wp-block-columns-is-layout-flex\">\n<div class=\"wp-block-column is-layout-flow wp-block-column-is-layout-flow\">\n<figure class=\"wp-block-gallery has-nested-images columns-default is-cropped wp-block-gallery-4 is-layout-flex wp-block-gallery-is-layout-flex\">\n<figure class=\"wp-block-image size-large\"><img loading=\"lazy\" decoding=\"async\" width=\"500\" height=\"500\" data-id=\"281\" src=\"https:\/\/conciergeriehellebore.com\/wp-content\/uploads\/2024\/01\/pause.jpg\" alt=\"\" class=\"wp-image-281\" srcset=\"https:\/\/conciergeriehellebore.com\/wp-content\/uploads\/2024\/01\/pause.jpg 500w, https:\/\/conciergeriehellebore.com\/wp-content\/uploads\/2024\/01\/pause-300x300.jpg 300w, https:\/\/conciergeriehellebore.com\/wp-content\/uploads\/2024\/01\/pause-150x150.jpg 150w, https:\/\/conciergeriehellebore.com\/wp-content\/uploads\/2024\/01\/pause-160x160.jpg 160w\" sizes=\"auto, (max-width: 500px) 100vw, 500px\" \/><\/figure>\n<\/figure>\n<\/div>\n\n\n\n<div class=\"wp-block-column is-layout-flow wp-block-column-is-layout-flow\">\n<p><\/p>\n\n\n\n<p><\/p>\n\n\n\n<p>En fin d&rsquo;apr\u00e8s midi, le locataire r\u00e9cup\u00e8re la cl\u00e9 du logement dans une boite \u00e0 cl\u00e9 ou dans un lieu commercial (en donnant un code). Il peut ensuite entrer dans l&rsquo;appartement : tout est impeccable pour rendre son s\u00e9jour parfait !<\/p>\n<\/div>\n<\/div>\n","protected":false},"excerpt":{"rendered":"<p>Comment sera g\u00e9r\u00e9 votre bien durant une journ\u00e9e avec changement de locataire ? Le matin est le moment du d\u00e9part pour les locataires. Ils ont \u00e9t\u00e9 inform\u00e9s lors de leur arriv\u00e9e des d\u00e9marches \u00e0 effectuer (l&rsquo;endroit \u00e0 d\u00e9poser la cl\u00e9, sortir le sac poubelle&#8230;) et des horaires. Ils ont aussi [&hellip;]<\/p>\n","protected":false},"author":1,"featured_media":0,"parent":0,"menu_order":0,"comment_status":"closed","ping_status":"closed","template":"","meta":{"footnotes":""},"class_list":["post-202","page","type-page","status-publish","hentry"],"_links":{"self":[{"href":"https:\/\/conciergeriehellebore.com\/index.php\/wp-json\/wp\/v2\/pages\/202","targetHints":{"allow":["GET"]}}],"collection":[{"href":"https:\/\/conciergeriehellebore.com\/index.php\/wp-json\/wp\/v2\/pages"}],"about":[{"href":"https:\/\/conciergeriehellebore.com\/index.php\/wp-json\/wp\/v2\/types\/page"}],"author":[{"embeddable":true,"href":"https:\/\/conciergeriehellebore.com\/index.php\/wp-json\/wp\/v2\/users\/1"}],"replies":[{"embeddable":true,"href":"https:\/\/conciergeriehellebore.com\/index.php\/wp-json\/wp\/v2\/comments?post=202"}],"version-history":[{"count":9,"href":"https:\/\/conciergeriehellebore.com\/index.php\/wp-json\/wp\/v2\/pages\/202\/revisions"}],"predecessor-version":[{"id":300,"href":"https:\/\/conciergeriehellebore.com\/index.php\/wp-json\/wp\/v2\/pages\/202\/revisions\/300"}],"wp:attachment":[{"href":"https:\/\/conciergeriehellebore.com\/index.php\/wp-json\/wp\/v2\/media?parent=202"}],"curies":[{"name":"wp","href":"https:\/\/api.w.org\/{rel}","templated":true}]}}